 Suppose -8*g + p*g = -135. List the prime factors of g.
3
Let l = 59 + 0. List the prime factors of l.
59
Suppose -3*w = -w + 12. Let s(l) = l**2 + 5*l - 5. Let n be s(w). What are the prime factors of 10*n + (-12)/(-4)?
13
Suppose 0 = -v + 2*l + 3, -3*l - l - 3 = -v. Let c(z) = z**2 + 2*z - 8. Let j be c(6). Suppose -v*y = -j - 2. List the prime factors of y.
2, 7
Let d = -151 + 252. List the prime factors of d.
101
Let v = -9 - -16. What are the prime factors of v?
7
Suppose -v + 5*v = -100. What are the prime factors of v/(-4) - 9/(-12)?
7
Let a(d) = -2*d - 3. Let y be a(-4). Suppose 2*h + 3*b - 41 = 0, 16 = 5*h - y*b - 49. List the prime factors of h.
2
Let x be (-4)/((1 + -3)/2). Suppose 0 = -2*f + x + 16. List the prime factors of f.
2, 5
Let w = -2 + 5. Suppose 0 = -w*n + x - 3*x + 13, n - 4*x = -19. What are the prime factors of (n - -5) + 0/4?
2, 3
Suppose 50 = a - 48. List the prime factors of a.
2, 7
Suppose -2*k + 18 = 3*b + b, 4*k - 14 = 3*b. Let q = k + 10. What are the prime factors of q?
3, 5
Let n(w) be the second derivative of w**5/20 + w**4/3 + 2*w**3/3 + 3*w**2/2 - 4*w. What are the prime factors of n(-2)?
3
Suppose -654 = -3*o - 153. List the prime factors of o.
167
Let s(y) = 3*y - 3. Let t be s(6). Let a = 2 - -3. Let f = t - a. What are the prime factors of f?
2, 5
Suppose k + l - 19 = 0, l + 13 = k - l. List the prime factors of k.
17
What are the prime factors of 2/((-2)/2) + 30?
2, 7
Suppose 8 = 4*d + v, d - 3 = -4*v - 1. Suppose c + 3*c + 8 = 0, -d*r + c + 14 = 0. List the prime factors of r.
2, 3
Suppose -3*h + 20 = 8. Suppose h*x = -x + 65. What are the prime factors of x?
13
Suppose 23 = -x + 2*x. What are the prime factors of x?
23
Let c = -85 + 177. List the prime factors of c.
2, 23
Suppose 0*k - 24 = k - 4*p, -5*p = -2*k - 54. Let j = -16 - k. What are the prime factors of j?
2
Suppose 9*n - 170 = 4*n. What are the prime factors of n?
2, 17
Let x be 1/4 + 1/(-4). Suppose 0 = 2*t + c + c, x = -2*t - 5*c. Suppose 5*u - 110 = -t*u. What are the prime factors of u?
2, 11
Suppose 10 = 3*f + 1. Suppose 2*w - f*w = -15. What are the prime factors of w?
3, 5
Suppose 4*d = 3*j + 17, -5*j = 3*d - 0*d - 20. Suppose -d*u + 20 = 2*q, -3*q - 2*q + 5*u + 50 = 0. What are the prime factors of q?
2, 5
Let s = -19 - -15. Suppose 0 = -5*j + 3*v + 12, -3*j - 4*v = -2*v + 8. Let q = j - s. List the prime factors of q.
2
Let l = -16 + -20. Let p = -4 - l. What are the prime factors of p?
2
Let o(u) = u**3 - 7*u**2 + 3*u + 2. Let x be o(6). Let r = 26 + x. What are the prime factors of r?
2, 5
Let h = -190 - -290. List the prime factors of h.
2, 5
List the prime factors of 3/((-9)/(-87)) + -1.
2, 7
Suppose 3*u = -2*u + 35. Let y(x) = 2*x**2 - 8*x - 4. Let r be y(u). Suppose r = 2*j - t + 3*t, -j - 3*t + 29 = 0. What are the prime factors of j?
2, 7
Suppose 0*v - 5*q = 2*v + 11, -3*v - 5*q = 14. Let g = v + 2. Let o(z) = -11*z - 1. What are the prime factors of o(g)?
2, 5
Let d(u) = -u - 1. Suppose 2*p + 3*p - 135 = 0. Let t be (-16)/(-6)*p/(-12). List the prime factors of d(t).
5
Let y = 1 + 2. Suppose -2*p - 8 = -14. Suppose p*s = -y*w + 30, 6*w + 4*s = 5*w + 13. List the prime factors of w.
3
Let y = 9 - 14. List the prime factors of ((-2)/(-4))/(y/(-60)).
2, 3
Let a(v) = -7*v + 9. List the prime factors of a(-4).
37
Suppose v + 3*v - 60 = 0. Suppose v = 3*k + 2*k. Suppose 5*s = k*s + 6. List the prime factors of s.
3
Let w(v) = -1 + 2*v - 8 + 3*v - v**3 - 7*v**2. What are the prime factors of w(-8)?
3, 5
Let h(v) = -5*v + 5 + 13*v - 3*v**2 - v**3 + 0*v**2. List the prime factors of h(-5).
3, 5
Suppose -a - a + 82 = 0. List the prime factors of a.
41
Let m(z) = 2*z**3 - 3*z**2 + 1. Let q be m(2). Let d = 7 - q. What are the prime factors of d?
2
Suppose -58 = -3*w + 20. Suppose 0 = -2*q + w. List the prime factors of q.
13
Let p(x) = x**2 + x - 1. Let m(a) = -6*a**2 + 4*a + 1. Suppose 8 = -4*j + w, -2*w + 7 = j - 0*j. Let b(i) = j*m(i) - 5*p(i). What are the prime factors of b(9)?
2
List the prime factors of (4*129/(-42))/(4/(-28)).
2, 43
Let n be 4/(3/(-9) - -1). Suppose 3*x - n = -0*x. Suppose 7*y - 20 = x*y. List the prime factors of y.
2
Let p be (-6)/21 + 15/(-21). What are the prime factors of 17 - (3 + p)*1?
3, 5
List the prime factors of 81/7 + 0 + 15/35.
2, 3
Let k(f) = -5*f**2 + 6*f + 3*f**2 + 3*f**2 - 2. Let w be k(-7). Let g = w + 12. What are the prime factors of g?
17
Suppose -2*n = -0*n - 180. List the prime factors of n.
2, 3, 5
Let s = -7 - -11. Suppose 0 = s*z + z - 30. List the prime factors of z.
2, 3
Let g = -57 + 129. List the prime factors of g.
2, 3
What are the prime factors of -1*(-63 - 1/(-3 + 2))?
2, 31
Suppose -7 = -5*d + 3*g, 9 = d + 2*d + 3*g. Let m be -11 - (-1 + 5)/d. Let n = 27 + m. List the prime factors of n.
2, 7
Let n = 4 - 2. Let f = n + 10. Suppose 2*g - 8 = 0, 3*j - 8 = -2*g + f. What are the prime factors of j?
2
Let t = -12 + 22. Suppose 2*h + t = 4*h. List the prime factors of h.
5
Suppose -h - k = -2 - 1, k + 15 = 5*h. What are the prime factors of h?
3
Let f = 40 - 17. List the prime factors of f.
23
Let u(l) = -l**2 - 3*l - 3. Let n be u(-2). List the prime factors of 2 - (n + 0/2).
3
List the prime factors of -1*(-35 - -4) - -4.
5, 7
Suppose -4*y + 4*d = -9*y + 500, -d + 101 = y. What are the prime factors of y?
2, 3
Let k(f) = -23*f - 66. What are the prime factors of k(-12)?
2, 3, 5, 7
Let r(p) = -p**2 - 10*p + 7. Let k be r(-11). Let n be ((-6)/k)/(12/16). Suppose t + 2*m - 10 = -m, -t + n = -5*m. List the prime factors of t.
7
Let y = -4 - -4. Let i be (1 - (0 - y))*2. Let j = i - 0. List the prime factors of j.
2
Suppose -2 = -t + 10. Let z = t + -8. What are the prime factors of z?
2
Suppose 0 = v - 2*v, 4*w - 168 = -5*v. What are the prime factors of w?
2, 3, 7
Suppose 0 = 5*r + c + 39, 0*r - 2*r - 30 = 4*c. Let x(t) = 2*t + 16. List the prime factors of x(r).
2
Let g(a) = a**3 + 7*a**2 - 11*a - 11. What are the prime factors of g(-8)?
13
Let p = 38 + -21. List the prime factors of p/1 + (-22 - -18).
13
Suppose -3*m = u - 11, -3*u = 3*m - 19 + 4. Let a = u + -1. Let j(z) = 14*z. What are the prime factors of j(a)?
2, 7
Suppose -7*j = -11*j - 8. Let b = j - -23. What are the prime factors of b?
3, 7
Let v = 2 + 2. Suppose 0 = 4*f - k - 66, 2*k - 44 = -v*f + f. What are the prime factors of f?
2
What are the prime factors of (0 - -70)*(-40)/(-50)?
2, 7
Let l be 2 + 3/((-3)/(-28)). Let c = 47 - l. List the prime factors of c.
17
Let b(q) = -4*q + 13. Let s(x) = 19*x - 65. Let i(p) = -11*b(p) - 2*s(p). What are the prime factors of i(7)?
29
Suppose p - 4*y - 14 = -2, -2*p + 18 = -5*y. Suppose -2*t = -3*x - 2, -2*t - 2*t + 4*x + p = 0. List the prime factors of 9*((t - 0) + 0).
3
Let y(i) = -3*i - 4. Let l be y(-3). Let p = 13 - 11. Suppose a - l = 3*v - 3, -p*v + 50 = 4*a. What are the prime factors of a?
11
Suppose -4*r = -5*n + 24, 0 = -2*r + 12 - 4. List the prime factors of n.
2
Let t be 1/(-1*(-3)/(-6)). Let v be 4/t*30/(-5). Let i = 21 - v. List the prime factors of i.
3
Let k(t) = 3*t**3 - 2*t**2 + 2*t - 3. What are the prime factors of k(2)?
17
Let p = 45 + -8. What are the prime factors of p?
37
Suppose 3*o + r - 151 = 0, r = 1 - 0. What are the prime factors of o?
2, 5
Let w = -8 + 6. Let p be ((-6)/(-24))/((-1)/(-8)). What are the prime factors of 1*(p + 6 + w)?
2, 3
Suppose -4*r = -2*r - 256. Suppose s = 0, 0 = 5*o - o - 4*s - r. What are the prime factors of o?
2
Suppose -5*d + 249 - 49 = 0. What are the prime factors of d?
2, 5
What are the prime factors of 34 - ((-2 - -6)/(-4) - -2)?
3, 11
Suppose 7*k - 2*k - 15 = 0. Suppose -o - 8 = -5*u + 6, 0 = -k*u - o + 10. What are the prime factors of u?
3
Let k be 1/(-5) - (-32)/10. Suppose -4*g = -k*g + 1. What are the prime factors of g/(1/(-8)*1)?
2
What are the prime factors of 79/(2 - 2/2)?
79
Suppose -2*k - 3*u = -99, 4*k - 3*u = 191 - 20. What are the prime factors of k?
3, 5
Let o = -4 + 6. Suppose -o*i = -34 - 96. Suppose 4*p - 4*v = -3*v + i, -3*p + 44 = 4*v. What are the prime factors of p?
2
Suppose 15 = 3*s - 57. What are the prime factors of s?
2, 3
Let w(o) = -3*o + 5. Let r be w(-6). Suppose 5*i = g + r, 0*g - 5*i + 27 = g. Suppose -g*y - 2*l + 17 = -y, l = y - 5. What are the prime factors of y?
3
Let